*h + l*h = -5*c - 1319, 0 = 3*h - 4*c - 1321. Is h a composite number?
False
Suppose -10 = -2*c + 3*k - k, 4*c = -k + 30. Is 544 + (-1 - (c - 5)) composite?
False
Let m(b) be the second derivative of b**5/20 + 5*b**4/12 - 5*b**3/6 + b**2/2 + 2*b. Let u be (-24)/18*(-9)/(-3). Is m(u) prime?
True
Let f(r) = 61*r + 6 + r**2 - 66*r + 9. Suppose 0 = 5*q - 29 - 21. Is f(q) prime?
False
Let u(n) = -n**3 + 7*n**2 + n - 9. Let b be 45/6 + 1/(-2). Let d be u(b). Let z(i) = -16*i**3 + 2*i**2 + i - 1. Is z(d) a composite number?
True
Let h = 16 + -13. Is h + -5 + (-1 - -114) a prime number?
False
Let t be 69/12 + (-3)/4. Let l(w) = -w**2 + 6*w - 3. Let f be l(t). Suppose -59 = -i - 4*d, 0*d = f*i + 5*d - 115. Is i a prime number?
False
Let h(p) = 8*p**2 + 2*p + 39. Is h(-9) a prime number?
False
Suppose -5*p + 5*h + 80 = 0, -2*p - 28 = -4*p + 4*h. Let u be (-261)/(-2) - (-27)/p. Suppose 0 = -y + 3*b + 77, 0 = -2*y - 5*b + 22 + u. Is y a prime number?
False
Let z(g) = -g**3 - 13*g**2 - g - 8. Let n(q) = -3*q + 14. Let i be n(9). Let t be z(i). Suppose -212 = -t*l + 793. Is l a composite number?
True
Let w be (-14)/(-3) - 2/(-6). Suppose -2*k - d + 0 = -6, 0 = w*k + 4*d - 12. Suppose -k*t + 150 = -230. Is t a composite number?
True
Let p = 7954 - -16839. Is p a composite number?
False
Suppose -w = -2 - 4. Let i(f) = -174*f + 2. Let m be i(w). Is (-1)/(1/m*2) composite?
False
Let n(y) = y**3 + 48*y**2 - 57*y + 13. Is n(-38) a prime number?
True
Let q be (-7 + 12)*(-3)/5. Is ((-37983)/(-22))/(q/(-2)) a composite number?
False
Let q = -100 + 182. Let s = q + -59. Is s prime?
True
Suppose -3*y - j - 852 = -12089, 2*y + 4*j - 7478 = 0. Is y a prime number?
False
Let v(k) = 10 + 8*k**2 + 2*k + 6*k**2 - 4*k**3 + 5*k**3 + 0. Let t be v(-9). Let j = t - 206. Is j a composite number?
False
Suppose -d = -4566 - 7441. Is d composite?
False
Let c be 448*(5 - (-2 - -5)). Let r = 212 + 49. Let f = c - r. Is f composite?
True
Suppose 8455905 = 90*c + 1938195. Is c a prime number?
False
Suppose -5*y + 944 + 381 = 0. Let z = y + -138. Is z a prime number?
True
Suppose -17 + 618 = n - 4*y, 3*n - 1753 = 2*y. Suppose c = 2*k - n, -2*c = -3*k - c + 869. Let r = -49 + k. Is r a prime number?
True
Let g = 20733 - -41080. Is g composite?
False
Suppose 0 = 3*v - l - l, -5*l = -2*v + 11. Let r be v/(-6) - (-1)/(-3). Is -4 - (-186 + r) - -3 a composite number?
True
Let a = -161 + 275. Suppose -4*c + f = -f - a, 5*f - 45 = -c. Let b = c + 147. Is b prime?
False
Suppose -2*l = 3*u - 5485, -3*l + 4*u = -5*l + 5490. Is l a composite number?
True
Let h(c) = 430*c**2 + 7*c. Let y be h(-5). Let r = -3815 + y. Is 2/11 + r/44 composite?
False
Let b = 1942 + 1185. Is b a composite number?
True
Let x = 5178 + -2345. Is x a composite number?
False
Suppose 18 = -2*m + 2*k - 4*k, -5*m + 3*k = 5. Is 6/8 + 0 + (-3009)/m a prime number?
False
Let o(z) = 571*z + 7. Let j be o(-10). Is (-16)/(-40) - j/5 composite?
True
Let t = 255 - -737. Let f = t - 681. Is f a prime number?
True
Suppose 2*i - 75 = -i. Let q = i + -25. Suppose -2*c + 284 = 5*p + 16, q = 2*c - 5*p - 288. Is c composite?
False
Suppose -5*v - 5*n + 30 = 0, -3*v + n = -0*v - 10. Suppose k = 2*c + 5, 2*c + v*k - 2*k + 14 = 0. Let o(u) = u**2 - 4*u + 3. Is o(c) a prime number?
False
Let l be ((-3)/15)/((-2)/10). Suppose -3*y + 5 = -l. Is y - (-10)/(3 + -1) a composite number?
False
Suppose -21*h = -19*h - 26. Suppose -h*l - 495 + 3394 = 0. Is l prime?
True
Suppose 5*n - 25 = 0, b + 3*n - 5242 = -0*b. Is b prime?
True
Suppose -4*u + 5*u + 10 = -a, -51 = 3*a - 4*u. Let j = a - -6. Let s(z) = -z**3 - 7*z**2 - 5*z + 3. Is s(j) a composite number?
True
Suppose 21*r - 7501 = 139478. Is r composite?
True
Let r(l) = -2*l - 2. Let h be r(-2). Suppose -4*s + 2*i + 1010 = 0, 3*s - 260 = h*s - 2*i. Is s a composite number?
True
Let p(k) = -91*k + 57. Let r(m) = 272*m - 172. Let g(z) = 17*p(z) + 6*r(z). Is g(20) composite?
False
Suppose 0 = -5*r + 9*r - 29372. Is r a prime number?
False
Let x(j) = 238*j**2 + 9*j + 12. Let d be x(-2). Suppose 2*g = 5*h - 1046, g = -4*g + 4*h - 2649. Let r = d + g. Is r a prime number?
False
Suppose -3*y + 3*z = 8*z - 52217, 4*z = 5*y - 86979. Is y prime?
False
Suppose 0 = 41*f - 49*f + 76856. Is f a prime number?
False
Let a(g) = -g**2 + 7*g - 3. Let d be a(6). Suppose 24 = q + d*j, -4*q + j + 0*j + 57 = 0. Is (-8)/(-10) + 3153/q composite?
False
Suppose 2*s - 4*d = 2, 0 = 4*s + s + 4*d - 19. Suppose -m - s - 1 = 0, -t + 3*m + 1385 = 0. Is t a prime number?
True
Suppose 3*n - 581 = -a, 4*n + n = -2*a + 969. Let v(s) = 16*s**2. Let j be v(1). Let l = n + j. Is l composite?
True
Let d = 11 + -25. Let l be (-220)/1*(-7)/d. Is 2/(l/38 + 3) a composite number?
False
Suppose -3*u + 4*u = -2. Let k = 0 - u. Suppose 7*z - k*z = 1175. Is z composite?
True
Suppose 3*p + 100 = -20. Is p/12*(-9)/2 prime?
False
Suppose 5*m - 16*h - 5462 = -14*h, 5458 = 5*m - 3*h. Is m a prime number?
False
Is 6/(0 + 4/28748*2) a composite number?
True
Suppose 0 = 4*a - 5*n + 8541, -5*a = 4*n - n + 10704. Is 37/111*a/(-1) composite?
True
Suppose 5*x + 2*m + 202 = 0, 3*x - 63 = 2*m - 197. Is -1*1/(-3) + (-8848)/x a composite number?
False
Let r = 72093 - 16244. Is r a prime number?
True
Suppose -57*g + 45*g + 312996 = 0. Is g prime?
True
Let w(c) = c - 1. Let j be w(1). Let g = 0 + j. Suppose g = 3*k + 4*b - 2 - 75, -5*k + 167 = -3*b. Is k a prime number?
True
Let p(i) = -2075*i - 40. Is p(-3) composite?
True
Suppose -70557 = 7*t - 10*t. Is t prime?
False
Suppose h + 2*v + 5 = 19, 2*h - 3*v - 7 = 0. Let x(i) = -2*i + 19. Let w be x(h). Is (1590/(-20))/(w/(-10)) a composite number?
True
Let m = 40 - 8. Let u be m/16 - -2*2. Suppose -t = -u*t + 1015. Is t a prime number?
False
Suppose 11*i = -985 + 65874. Is i a prime number?
False
Let z(i) be the third derivative of -5*i**4/12 - i**2. Suppose -9*n = 6 + 3. Is z(n) a prime number?
False
Suppose -4*c + 2*f - 13639 = -7*c, -3*f = 5*c - 22732. Is c composite?
False
Let m = -1833 + 9160. Is m a composite number?
True
Let w = -2 + 2. Suppose w*i + 879 = 3*i. Is i prime?
True
Let w(h) be the first derivative of h**4/4 - 6*h + 2. Let r be w(0). Let j(s) = 9*s**2 - 8*s - 5. Is j(r) composite?
False
Suppose 14617 = 5*w + 2*j, w - 5*j = 3933 - 1015. Is w composite?
True
Suppose -3*m + 7 - 10 = 0. Let g(u) = -573*u**3 + u**2 + u. Is g(m) a prime number?
False
Suppose 15 = -4*x + x, x + 95010 = 5*a. Is a a composite number?
False
Suppose -15*l = -27417 - 4068. Is l prime?
True
Suppose -436 + 96 = -u. Suppose 6*p - u = 2*p. Is p a composite number?
True
Suppose -10*u + 16199 = 5809. Is u prime?
True
Let m be ((-109040)/64)/(1/(-4)). Suppose m = -p + 6*p. Is p a prime number?
False
Let o(l) = l**3 - l + 11324. Let k be o(0). Suppose 4*g + k = -4440. Is ((-6)/2)/(21/g) a composite number?
False
Let x(g) be the second derivative of -51*g**3 - 11*g**2/2 - 2*g + 1. Is x(-3) a prime number?
True
Suppose -37*h + d + 3807 = -32*h, 3*h - 2279 = -2*d. Is h a composite number?
False
Let f(y) = 223*y**3 - y**2 + 2*y + 17. Is f(4) a composite number?
False
Suppose -288995 = -37*z + 2*z. Is z composite?
True
Suppose -3*w + 252 = 1890. Let n = 1343 + w. Is n composite?
False
Suppose 12*x + 9924 = 2*q + 10*x, 0 = 2*q + x - 9909. Is q a prime number?
True
Let l = 766 + -506. Suppose 3*i - l = -101. Is i prime?
True
Suppose 3*x + 400 = 5*s + 2437, -4*x + 2716 = -2*s. Is x a composite number?
True
Let p = -168 + 162. Let s(v) = 34*v + 15. Let z(o) = -34*o - 16. Let m(g) = -3*s(g) - 2*z(g). Is m(p) a prime number?
True
Let g be (-326)/((-14)/4 + -3 + 6). Let z = g + -465. Is z prime?
False
Let t(z) be the second derivative of 0 + 1/12*z**4 + 9/2*z**2 - 4*z + z**3. Is t(-6) composite?
True
Suppose -p - 3 = 0, -3*i = 3*p + 780 + 747. Let a = i - -883. Is a composite?
True
Let l be ((-850)/(-6))/(2/6). Suppose -p - 4*p + l = 0. Suppose -2*i = -381 - p. Is i prime?
True
Let x be (-2)/6 + 44/6. Suppose -4*z - 2*q + 0*q = -26, 3*z = q + x. Suppose z*o + 107 - 759 = 0. Is o prime?
True
Suppose -141832 = -21*i + 13*i. Suppose -2761 = -6*r + i. Is r a composite number?
True
Suppose t - 5 = 3*h - 0*h, h + 5*t + 7 = 0. Is -4 + (545 - (h - -2)) prime?
True
Let w = -8 + 10. Suppose 5*l = -o + 44, -o = -w*l - 2*l + 28. Suppose -l*j + 3*j + 995 = 